of 41360939?
6
What is the hundreds digit of 256919460?
4
What is the ten thousands digit of 2687809395?
0
What is the hundreds digit of 110739802?
8
What is the hundreds digit of 131233498?
4
What is the thousands digit of 5517874081?
4
What is the thousands digit of 45969612?
9
What is the units digit of 92961330?
0
What is the ten thousands digit of 3245486823?
8
What is the units digit of 965539978?
8
What is the hundred millions digit of 862043446?
8
What is the hundred millions digit of 117338064?
1
What is the ten thousands digit of 102688797?
8
What is the units digit of 4654835801?
1
What is the units digit of 10140799?
9
What is the ten millions digit of 634499946?
3
What is the hundreds digit of 197466846?
8
What is the thousands digit of 1485514?
5
What is the hundred thousands digit of 485716507?
7
What is the millions digit of 1295285161?
5
What is the tens digit of 361452047?
4
What is the ten thousands digit of 6542056422?
5
What is the ten thousands digit of 156585833?
8
What is the millions digit of 6197743?
6
What is the hundred thousands digit of 846910692?
9
What is the hundreds digit of 6893636716?
7
What is the hundred millions digit of 266387496?
2
What is the ten thousands digit of 659701567?
0
What is the thousands digit of 200144013?
4
What is the units digit of 437789752?
2
What is the units digit of 208110384?
4
What is the thousands digit of 137830583?
0
What is the ten millions digit of 53591030?
5
What is the hundred thousands digit of 2087783988?
7
What is the ten millions digit of 2941799926?
4
What is the hundreds digit of 2513425951?
9
What is the ten thousands digit of 80418639?
1
What is the hundred thousands digit of 47653029?
6
What is the units digit of 1618467540?
0
What is the hundred thousands digit of 45796009?
7
What is the hundreds digit of 119766090?
0
What is the millions digit of 120062658?
0
What is the tens digit of 2821114674?
7
What is the units digit of 1769971256?
6
What is the ten thousands digit of 1137907897?
0
What is the hundreds digit of 3307289645?
6
What is the hundred thousands digit of 2371736?
3
What is the units digit of 197766318?
8
What is the units digit of 4355350222?
2
What is the hundreds digit of 2081757359?
3
What is the units digit of 52717070?
0
What is the ten thousands digit of 46575829?
7
What is the units digit of 43442061?
1
What is the tens digit of 17508349?
4
What is the tens digit of 525680950?
5
What is the hundred thousands digit of 143993619?
9
What is the units digit of 314935179?
9
What is the hundred millions digit of 372411685?
3
What is the millions digit of 23260951?
3
What is the thousands digit of 175076058?
6
What is the ten thousands digit of 305079488?
7
What is the hundred thousands digit of 33023194?
0
What is the hundred millions digit of 6090651724?
0
What is the ten thousands digit of 854992391?
9
What is the hundred millions digit of 254762967?
2
What is the hundreds digit of 740198971?
9
What is the ten millions digit of 50430277?
5
What is the thousands digit of 251652926?
2
What is the ten thousands digit of 27047076?
4
What is the millions digit of 8178588701?
8
What is the tens digit of 453853542?
4
What is the millions digit of 118373405?
8
What is the billions digit of 3335297002?
3
What is the millions digit of 258394865?
8
What is the ten millions digit of 48811522?
4
What is the thousands digit of 14604336?
4
What is the tens digit of 94736103?
0
What is the billions digit of 1140947322?
1
What is the ten thousands digit of 26392598?
9
What is the hundred thousands digit of 3621410998?
4
What is the ten millions digit of 6472618883?
7
What is the ten millions digit of 751163757?
5
What is the thousands digit of 763020823?
0
What is the hundreds digit of 79935542?
5
What is the millions digit of 952621447?
2
What is the ten millions digit of 2017349200?
1
What is the ten millions digit of 194707269?
9
What is the hundred thousands digit of 384135557?
1
What is the ten thousands digit of 27415778?
1
What is the ten thousands digit of 465327006?
2
What is the ten millions digit of 103261878?
0
What is the hundreds digit of 44964132?
1
What is the tens digit of 540634254?
5
What is the thousands digit of 200304324?
4
What is the hundred millions digit of 107278875?
1
What is the ten millions digit of 127873210?
2
What is the hundred thousands digit of 6300866674?
8
What is the units digit of 1005557282?
2
What is the thousands digit of 56861280?
1
What is the thousands digit of 6652832182?
2
What is the hundred thousands digit of 812394169?
3
What is the hundreds digit of 41309515?
5
What is the hundreds digit of 129047270?
2
What is the units digit of 59282761?
1
What is the hundred millions digit of 746324093?
7
What is the units digit of 62237324?
4
What is the millions digit of 52319294?
2
What is the ten millions digit of 97616846?
9
What is the tens digit of 2642187292?
9
What is the hundred thousands digit of 165230854?
2
What is the ten thousands digit of 1104250102?
5
What is the tens digit of 35871351?
5
What is the ten thousands digit of 153784647?
8
What is the thousands digit of 414730408?
0
What is the units digit of 6560778?
8
What is the ten thousands digit of 153722110?
2
What is the hundred millions digit of 138838014?
1
What is the tens digit of 1168812300?
0
What is the millions digit of 74683971?
4
What is the tens digit of 5798740182?
8
What is the hundred millions digit of 703872982?
7
What is the units digit of 59942235?
5
What is the hundreds digit of 424483571?
5
What is the ten thousands digit of 579119613?
1
What is the thousands digit of 399878055?
8
What is the units digit of 303416975?
5
What is the tens digit of 624234221?
2
What is the millions digit of 563054829?
3
What is the billions digit of 1168718199?
1
What is the hundreds digit of 46835336?
3
What is the hundreds digit of 347803246?
2
What is the units digit of 159383323?
3
What is the thousands digit of 3220864716?
4
What is the hundred thousands digit of 401434164?
4
What is the hundreds digit of 1276687462?
4
What is the tens digit of 2907577104?
0
What is the hundred thousands digit of 212481680?
4
What is the ten thousands digit of 1448258215?
5
What is the units digit of 1722331935?
5
What is the tens digit of 479489963?
6
What is the hundred thousands digit of 1416544354?
5
What is the millions digit of 176172843?
6
What is the thousands digit of 667554438?
4
What is the hundreds digit of 485340629?
6
What is the units digit of 65158333?
3
What is the hundred thousands digit of 55069815?
0
What is the ten millions digit of 833870080?
3
What is the hundred thousands digit of 211722887?
7
What is the ten millions digit of 39254072?
3
What is the tens digit of 2211436944?
4
What is the thousands digit of 57611925?
1
What is the units digit of 71734195?
5
What is the thousands digit of 1748794261?
4
What is the units digit of 49829370?
0
What is the thousands digit of 55239149?
9
What is the ten millions digit of 61100083?
6
What is the ten thousands digit of 853361644?
6
What is the ten thousands digit of 133803301?
0
What is the ten thousands digit of 2300245827?
4
What is the hundreds digit of 35369414?
4
What is the hundreds digit of 26951644?
6
What is the ten millions digit of 29947257?
2
What is the hundred thousands digit of 1600622924?
6
What is the ten millions digit of 1361696870?
6
What is the hundreds digit of 503148864?
8
What is the units digit of 135191723?
3
What is the hundreds digit of 622958319?
3
What is the thousands digit of 442935247?
5
What is the thousands digit of 226721267?
1
What is the millions digit of 75605536?
5
What is the tens digit of 2588705802?
0
What is the ten millions digit of 39325272?
3
What is the tens digit of 215131866?
6
What is the hundred millions digit of 1804392713?
8
What is the billions digit of 1074737519?
1
What is the millions digit of 63948401?
3
What is the units digit of 631743283?
3
What is the ten millions digit of 6681341239?
8
What is the hundred millions digit of 156683377?
1
What is the thousands digit of 48722935?
2
What is the tens digit of 162563627?
2
What is the ten thousands digit of 9941179?
4
What is the hundreds digit of 170576028?
0
What is the hundred millions